{"id":1086,"date":"2022-01-14T12:35:32","date_gmt":"2022-01-14T12:35:32","guid":{"rendered":"https:\/\/radiosonde.online\/?post_type=product&#038;p=1086"},"modified":"2022-01-14T13:55:29","modified_gmt":"2022-01-14T13:55:29","slug":"ffp2-mask-clip-einsatzhelm-version","status":"publish","type":"product","link":"https:\/\/radiosonde.online\/?product=ffp2-mask-clip-einsatzhelm-version","title":{"rendered":"FFP2 Mask-Clip Einsatzhelm Version"},"content":{"rendered":"<p>Im Einsatz kommt es oft auf Sekunden an, damit man hier nun auch schnell die FFP2 Maske auf und Absetzen kann um in Corona Zeiten den zus\u00e4tzlichen schutz zu gew\u00e4hrleisten gibt es nun die Masken-Clips. F\u00fcr alle Helme mit einer maximalen Riemenbreite von 20 mm und dicke bis 1,7 mm oder 3mm.<\/p>\n<p>Reseller und gr\u00f6\u00dfere Mengen sowie Individuelle Angebote bitte anfragen unter E-Mail : afu3d_druck@yahoo.com oder telefonisch unter 09947\/307588 Anfragen.<\/p>\n<p>Vor dem verpacken findet eine C3H8O-dampf desinfektion statt.<\/p>\n ","protected":false},"excerpt":{"rendered":"<p>Geliefert werden jeweils 2 St\u00fcck aus ASA (<b>Acrylnitril-Styrol-Acrylat-Copolymere<\/b>), farbe Hellgrau. Bitte pr\u00fcfen ob Helm-trageriemen passen bzw. vorhanden sind. Maximale riemenbreite 20 mm, dicke 1,7mm oder 3mm<\/p>\n","protected":false},"featured_media":1092,"comment_status":"open","ping_status":"closed","template":"","meta":[],"product_brand":[],"product_cat":[87],"product_tag":[],"class_list":{"0":"post-1086","1":"product","2":"type-product","3":"status-publish","4":"has-post-thumbnail","6":"product_cat-zubehoer","7":"product_shipping_class-standard","9":"first","10":"instock","11":"shipping-taxable","12":"purchasable","13":"product-type-variable","14":"has-default-attributes"},"_links":{"self":[{"href":"https:\/\/radiosonde.online\/index.php?rest_route=\/wp\/v2\/product\/1086","targetHints":{"allow":["GET"]}}],"collection":[{"href":"https:\/\/radiosonde.online\/index.php?rest_route=\/wp\/v2\/product"}],"about":[{"href":"https:\/\/radiosonde.online\/index.php?rest_route=\/wp\/v2\/types\/product"}],"replies":[{"embeddable":true,"href":"https:\/\/radiosonde.online\/index.php?rest_route=%2Fwp%2Fv2%2Fcomments&post=1086"}],"wp:featuredmedia":[{"embeddable":true,"href":"https:\/\/radiosonde.online\/index.php?rest_route=\/wp\/v2\/media\/1092"}],"wp:attachment":[{"href":"https:\/\/radiosonde.online\/index.php?rest_route=%2Fwp%2Fv2%2Fmedia&parent=1086"}],"wp:term":[{"taxonomy":"product_brand","embeddable":true,"href":"https:\/\/radiosonde.online\/index.php?rest_route=%2Fwp%2Fv2%2Fproduct_brand&post=1086"},{"taxonomy":"product_cat","embeddable":true,"href":"https:\/\/radiosonde.online\/index.php?rest_route=%2Fwp%2Fv2%2Fproduct_cat&post=1086"},{"taxonomy":"product_tag","embeddable":true,"href":"https:\/\/radiosonde.online\/index.php?rest_route=%2Fwp%2Fv2%2Fproduct_tag&post=1086"}],"curies":[{"name":"wp","href":"https:\/\/api.w.org\/{rel}","templated":true}]}}