{"id":1070,"date":"2021-12-20T14:40:10","date_gmt":"2021-12-20T14:40:10","guid":{"rendered":"https:\/\/radiosonde.online\/?post_type=product&#038;p=1070"},"modified":"2022-09-14T17:49:02","modified_gmt":"2022-09-14T17:49:02","slug":"ffp2-skihelm-mask-clip","status":"publish","type":"product","link":"https:\/\/radiosonde.online\/?product=ffp2-skihelm-mask-clip","title":{"rendered":"FFP2 Skihelm Mask-Clip"},"content":{"rendered":"<p>Pulverschnee und Sonnenschein, damit das Ski vergn\u00fcgen nicht in st\u00e4ndiges auf und Absetzen des Helmes bei der Liftfahrt endet gibt es hier nun die Mask-Clips. F\u00fcr alle Helme mit einer maximalen Riemenbreite von 17mm.<\/p>\n<p>Reseller und gr\u00f6\u00dfere Mengen bitte unter E-Mail : afu3d_druck@yahoo.com oder telefonisch unter 09947\/307588 Anfragen.<\/p>\n<p>Vor dem verpacken findet eine C3H8O-dampf desinfektion statt.<\/p>\n ","protected":false},"excerpt":{"rendered":"<p>Geliefert werden jeweils 4 St\u00fcck aus ASA (<b>Acrylnitril-Styrol-Acrylat-Copolymere<\/b>), farbe Hellgrau. Bitte pr\u00fcfen ob Helm-trageriemen passen bzw. vorhanden sind. Maximale riemenbreite 17mm<\/p>\n","protected":false},"featured_media":1071,"comment_status":"open","ping_status":"closed","template":"","meta":[],"product_brand":[],"product_cat":[87],"product_tag":[],"class_list":{"0":"post-1070","1":"product","2":"type-product","3":"status-publish","4":"has-post-thumbnail","6":"product_cat-zubehoer","7":"product_shipping_class-standard","9":"first","10":"instock","11":"shipping-taxable","12":"purchasable","13":"product-type-simple"},"_links":{"self":[{"href":"https:\/\/radiosonde.online\/index.php?rest_route=\/wp\/v2\/product\/1070","targetHints":{"allow":["GET"]}}],"collection":[{"href":"https:\/\/radiosonde.online\/index.php?rest_route=\/wp\/v2\/product"}],"about":[{"href":"https:\/\/radiosonde.online\/index.php?rest_route=\/wp\/v2\/types\/product"}],"replies":[{"embeddable":true,"href":"https:\/\/radiosonde.online\/index.php?rest_route=%2Fwp%2Fv2%2Fcomments&post=1070"}],"wp:featuredmedia":[{"embeddable":true,"href":"https:\/\/radiosonde.online\/index.php?rest_route=\/wp\/v2\/media\/1071"}],"wp:attachment":[{"href":"https:\/\/radiosonde.online\/index.php?rest_route=%2Fwp%2Fv2%2Fmedia&parent=1070"}],"wp:term":[{"taxonomy":"product_brand","embeddable":true,"href":"https:\/\/radiosonde.online\/index.php?rest_route=%2Fwp%2Fv2%2Fproduct_brand&post=1070"},{"taxonomy":"product_cat","embeddable":true,"href":"https:\/\/radiosonde.online\/index.php?rest_route=%2Fwp%2Fv2%2Fproduct_cat&post=1070"},{"taxonomy":"product_tag","embeddable":true,"href":"https:\/\/radiosonde.online\/index.php?rest_route=%2Fwp%2Fv2%2Fproduct_tag&post=1070"}],"curies":[{"name":"wp","href":"https:\/\/api.w.org\/{rel}","templated":true}]}}